ate the greatest common divisor of 64 and 48800.
32
Calculate the highest common factor of 49900 and 1497.
499
Calculate the highest common factor of 301 and 17983.
7
Calculate the highest common factor of 54 and 17253.
27
Calculate the greatest common divisor of 952 and 143514.
238
Calculate the greatest common factor of 9 and 594657.
9
Calculate the highest common divisor of 1777279 and 3154.
1577
What is the highest common factor of 10185 and 70131?
291
What is the greatest common divisor of 674 and 3711718?
674
What is the highest common factor of 1944 and 328?
8
Calculate the highest common divisor of 35 and 20335.
35
What is the highest common factor of 10199 and 18011?
217
What is the greatest common factor of 6 and 297564?
6
Calculate the highest common divisor of 385535 and 166.
83
Calculate the greatest common factor of 5445 and 116325.
495
What is the greatest common divisor of 89238 and 3103?
107
Calculate the highest common divisor of 38 and 270218.
38
What is the greatest common factor of 19 and 6184481?
19
Calculate the greatest common divisor of 21686 and 98.
14
What is the highest common factor of 42 and 110824?
14
Calculate the greatest common factor of 23657 and 2747.
41
What is the greatest common factor of 30 and 61430?
10
Calculate the greatest common factor of 1224907 and 89.
89
Calculate the highest common factor of 3443 and 77.
11
What is the greatest common divisor of 830 and 91134?
166
What is the highest common factor of 21080 and 4?
4
What is the greatest common factor of 6 and 76098?
6
What is the greatest common factor of 71 and 8875?
71
Calculate the greatest common divisor of 12 and 548844.
12
Calculate the highest common factor of 7839631 and 337.
337
What is the highest common divisor of 2946 and 1182?
6
Calculate the greatest common factor of 3596 and 682.
62
What is the highest common divisor of 90531 and 189?
189
What is the highest common factor of 387 and 357416?
43
What is the highest common divisor of 8 and 3736?
8
What is the highest common factor of 841344 and 1056?
96
What is the highest common factor of 175222 and 2?
2
Calculate the highest common divisor of 22 and 130746.
22
What is the greatest common divisor of 143 and 31213?
13
Calculate the greatest common factor of 85 and 56100.
85
Calculate the highest common factor of 2451 and 185459.
817
Calculate the highest common divisor of 833688 and 480.
24
Calculate the greatest common divisor of 1510 and 1223855.
755
What is the greatest common factor of 200 and 1112?
8
What is the greatest common factor of 69 and 13915?
23
Calculate the highest common divisor of 544 and 627232.
544
What is the highest common factor of 1956 and 307581?
489
What is the greatest common divisor of 99086 and 370?
74
Calculate the highest common divisor of 244 and 54778.
122
What is the greatest common divisor of 4581536 and 8?
8
What is the highest common divisor of 25554 and 12?
6
Calculate the greatest common factor of 37829 and 1045.
209
Calculate the greatest common divisor of 8567 and 1417.
13
What is the highest common factor of 474360 and 536?
536
What is the greatest common divisor of 1206270 and 72?
18
What is the highest common factor of 868 and 3976?
28
Calculate the greatest common factor of 34903 and 501.
167
What is the greatest common factor of 198403 and 7976?
997
Calculate the highest common divisor of 185235 and 18285.
795
What is the highest common divisor of 1040 and 80860?
260
What is the highest common divisor of 9934 and 52?
2
What is the greatest common divisor of 18416 and 5296?
16
Calculate the highest common divisor of 5911630 and 10.
10
Calculate the highest common factor of 1296 and 13887.
9
What is the highest common divisor of 1973338 and 404?
202
What is the greatest common divisor of 2072 and 1776?
296
Calculate the greatest common factor of 645261 and 6.
3
Calculate the greatest common factor of 273 and 51519.
39
What is the highest common factor of 57510 and 9230?
710
What is the highest common divisor of 22493 and 1084?
271
Calculate the highest common factor of 10131 and 528.
33
What is the greatest common factor of 88 and 356598?
22
What is the highest common divisor of 586068 and 168?
84
What is the highest common divisor of 34 and 191760?
34
What is the greatest common factor of 1848 and 5269?
11
What is the highest common divisor of 950 and 1030?
10
What is the greatest common factor of 205 and 4054285?
205
What is the highest common factor of 4979 and 577181?
383
What is the greatest common factor of 19339 and 2796?
233
What is the greatest common divisor of 1092784 and 560?
112
What is the greatest common divisor of 989607 and 354?
177
What is the highest common factor of 463720 and 740?
20
What is the highest common divisor of 856 and 202016?
856
Calculate the greatest common factor of 62304 and 767.
59
What is the highest common divisor of 3960 and 41910?
330
What is the greatest common factor of 2286402 and 366?
366
Calculate the highest common divisor of 653464 and 392.
392
What is the highest common divisor of 98286 and 50?
2
Calculate the greatest common divisor of 73755 and 1595.
55
Calculate the greatest common divisor of 385273 and 483.
161
What is the highest common divisor of 517 and 779119?
517
Calculate the greatest common factor of 102 and 3026.
34
Calculate the greatest common divisor of 581966 and 110.
22
Calculate the highest common factor of 322 and 95036.
46
Calculate the greatest common factor of 7508 and 3797171.
1877
What is the greatest common factor of 3542 and 55440?
154
Calculate the highest common factor of 16 and 57168.
16
Calculate the highest common factor of 294415 and 404.
101
Calculate the greatest common factor of 116 and 4434912.
116
What is the highest common divisor of 61787 and 3425?
137
Calculate the greatest common factor of 515 and 920.
5
Calculate the highest common divisor of 100178 and 26.
26
Calculate the highest common factor of 119410 and 120.
10
What is the greatest common divisor of 3335456 and 32?
32
Calculate the highest common factor of 15608 and 88.
8
What is the highest common divisor of 21122 and 3658?
118
What is the greatest common factor of 53915 and 410?
205
What is the highest common factor of 35 and 26341?
7
Calculate the highest common divisor of 18 and 88290.
18
What is the greatest common factor of 205 and 9980?
5
Calculate the greatest common factor of 5357 and 617029.
487
What is the greatest common factor of 4521 and 2877?
411
Calculate the highest common factor of 13622 and 1078.
98
What is the highest common factor of 11773 and 231986?
193
What is the greatest common divisor of 61625 and 14297?
493
What is the greatest common divisor of 994790 and 31?
31
Calculate the greatest common divisor of 3278 and 59246.
22
What is the highest common factor of 74048 and 208?
208
What is the highest common factor of 165 and 25230?
15
What is the highest common divisor of 26756 and 36?
4
Calculate the greatest common factor of 27 and 13472406.
27
Calculate the greatest common divisor of 100270 and 370.
370
Calculate the greatest common factor of 11843 and 117.
13
Calculate the highest common factor of 18 and 6391314.
18
What is the highest common factor of 929844 and 828?
828
Calculate the greatest common divisor of 193901 and 13561.
71
Calculate the highest common divisor of 2637804 and 2405.
481
Calculate the highest common factor of 142 and 74692.
142
What is the greatest common divisor of 34023 and 66?
33
Calculate the greatest common factor of 134984 and 8.
8
Calculate the greatest common divisor of 2400 and 6432.
96
Calculate the highest common divisor of 147691 and 113.
113
Calculate the highest common divisor of 298 and 1040467.
149
Calculate the greatest common divisor of 410205 and 3105.
345
Calculate the greatest common factor of 13 and 15753491.
13
Calculate the highest common divisor of 1953 and 16461.
279
What is the highest common divisor of 496728 and 72?
72
Calculate the greatest common divisor of 7 and 642887.
7
Calculate the greatest common divisor of 2068805 and 445.
445
Calculate the highest common divisor of 2505 and 375.
15
Calculate the highest common factor of 27 and 193212.
27
What is the greatest common divisor of 64 and 92896?
32
What is th